
{"id":260,"date":"2021-01-28T10:32:30","date_gmt":"2021-01-28T10:32:30","guid":{"rendered":"http:\/\/supervision-mascha.grubit.at\/?page_id=260"},"modified":"2021-02-18T15:55:09","modified_gmt":"2021-02-18T15:55:09","slug":"supervision-coaching-beratung","status":"publish","type":"page","link":"https:\/\/supervision-mascha.at\/index.php\/supervision-coaching-beratung\/","title":{"rendered":"Supervision &#8211; Coaching &#8211; Beratung"},"content":{"rendered":"\n<h2 class=\"wp-block-heading\">Supervision<\/h2>\n\n\n\n<div class=\"wp-block-image\"><figure class=\"alignright size-large is-resized\"><img loading=\"lazy\" decoding=\"async\" src=\"https:\/\/supervision-mascha.at\/wp-content\/uploads\/DSC_6636-e1613395519147-778x1024.jpg\" alt=\"\" class=\"wp-image-218\" width=\"160\" height=\"211\" srcset=\"https:\/\/supervision-mascha.at\/wp-content\/uploads\/DSC_6636-e1613395519147-778x1024.jpg 778w, https:\/\/supervision-mascha.at\/wp-content\/uploads\/DSC_6636-e1613395519147-228x300.jpg 228w, https:\/\/supervision-mascha.at\/wp-content\/uploads\/DSC_6636-e1613395519147-768x1011.jpg 768w, https:\/\/supervision-mascha.at\/wp-content\/uploads\/DSC_6636-e1613395519147-1166x1536.jpg 1166w, https:\/\/supervision-mascha.at\/wp-content\/uploads\/DSC_6636-e1613395519147.jpg 1328w\" sizes=\"auto, (max-width: 160px) 100vw, 160px\" \/><\/figure><\/div>\n\n\n\n<p id=\"block-8f9fea15-4b07-4beb-a3a6-f049076fba61\"><strong>Supervision<\/strong> ist eine professionelle Beratungsform zur Optimierung zwischenmenschlicher Beziehungen und Kooperationen.<\/p>\n\n\n\n<p>Der berufliche Alltag wird  aus verschiedenen Sichtweisen und aus unterschiedlichen Positionen betrachtet.<\/p>\n\n\n\n<p class=\"has-text-align-left\">Supervision dient prim\u00e4r der Verbesserung der beruflichen Praxis.<\/p>\n\n\n\n<h3 class=\"wp-block-heading\">Was ist Supervision<\/h3>\n\n\n\n<ul class=\"wp-block-list\"><li>Auseinandersetzung mit der beruflichen Rolle und Identit\u00e4t<\/li><li>Besch\u00e4ftigung mit Zielen und Anspr\u00fcchen<\/li><li>\u00dcberpr\u00fcfung der Sinnhaftigkeit meines eigenen Tuns<\/li><li>Auseinandersetzung mit berufsethischen Fragen und beruflichen Perspektiven<\/li><\/ul>\n\n\n\n<h3 class=\"wp-block-heading\">Wozu dient Supervision<\/h3>\n\n\n\n<ul class=\"wp-block-list\"><li>\u00dcberpr\u00fcfung der Kooperation zwischen KollegInnen und zwischen Leitung und MitarbeiterInnen<\/li><li>zur Psycho- und Sozialhygiene<\/li><li>zur Auseinandersetzung mit Loyalit\u00e4tsfragen<\/li><li>zur Besch\u00e4ftigung mit der eigenen Fachkompetenz<\/li><li>f\u00fcr die Beantwortung von Macht- und Interessensfragen<\/li><\/ul>\n\n\n\n<h3 class=\"wp-block-heading\">Hilfe durch Supervision<\/h3>\n\n\n\n<ul class=\"wp-block-list\"><li>Supervision ist Lerninstrument und Hilfe zur Selbsthilfe<\/li><li>bietet vorbeugende Ma\u00dfnahmen gegen Burn-out<\/li><li>dient der F\u00f6rderung der Selbstwahrnehmung und Selbstkontrolle und der Entwicklung der beruflichen Pers\u00f6nlichkeit<\/li><li>n\u00fctzt der Integration von Wissen und dessen Umsetzung in das praktische Tun<\/li><\/ul>\n\n\n\n<p>Supervision ist ein wertvolles Instrument, um sich f\u00fcr seinen Job fit zu machen!<\/p>\n\n\n\n<h2 class=\"wp-block-heading\">Coaching<\/h2>\n\n\n\n<p>Im Coaching begleite ich Sie bei der Entwicklung eigener L\u00f6sungen als neutrale, kritische Gespr\u00e4chspartnerin<\/p>\n\n\n\n<div class=\"wp-block-image\"><figure class=\"aligncenter size-large is-resized\"><img loading=\"lazy\" decoding=\"async\" src=\"https:\/\/supervision-mascha.at\/wp-content\/uploads\/DSC_6718-e1613417535994-1024x756.jpg\" alt=\"\" class=\"wp-image-216\" width=\"447\" height=\"330\" srcset=\"https:\/\/supervision-mascha.at\/wp-content\/uploads\/DSC_6718-e1613417535994-1024x756.jpg 1024w, https:\/\/supervision-mascha.at\/wp-content\/uploads\/DSC_6718-e1613417535994-300x221.jpg 300w, https:\/\/supervision-mascha.at\/wp-content\/uploads\/DSC_6718-e1613417535994-768x567.jpg 768w, https:\/\/supervision-mascha.at\/wp-content\/uploads\/DSC_6718-e1613417535994-1536x1134.jpg 1536w, https:\/\/supervision-mascha.at\/wp-content\/uploads\/DSC_6718-e1613417535994.jpg 1917w\" sizes=\"auto, (max-width: 447px) 100vw, 447px\" \/><\/figure><\/div>\n\n\n\n<ul class=\"wp-block-list\"><li>zu Fragen des beruflichen Alltags als Leitungsperson<\/li><li>f\u00fcr die Kommunikation und Zusammenarbeit in Ihrem Team<\/li><li>oder f\u00fcr ein Projekt.<\/li><\/ul>\n\n\n\n<h2 class=\"wp-block-heading\">Lebens- und Sozialberatung<\/h2>\n\n\n\n<p>Als Lebens- und Sozialberaterin unterst\u00fctze ich Sie professionell dabei, Geist und K\u00f6rper gesund zu halten.<\/p>\n\n\n\n<p>Die <strong>Lebens- und Sozialberatung<\/strong> ist im Unterschied zur Supervision und zum Coaching eine individuelle Beratungsform und Begleitung in jeder Lebenssituation.<\/p>\n\n\n","protected":false},"excerpt":{"rendered":"<p>Supervision Supervision ist eine professionelle Beratungsform zur Optimierung zwischenmenschlicher Beziehungen und Kooperationen. Der berufliche Alltag wird aus verschiedenen Sichtweisen und aus unterschiedlichen Positionen betrachtet. Supervision dient prim\u00e4r der Verbesserung der beruflichen Praxis. Was ist Supervision Auseinandersetzung mit der beruflichen Rolle und Identit\u00e4t Besch\u00e4ftigung mit Zielen und Anspr\u00fcchen \u00dcberpr\u00fcfung der Sinnhaftigkeit meines eigenen Tuns Auseinandersetzung mit &hellip; <\/p>\n<p class=\"link-more\"><a href=\"https:\/\/supervision-mascha.at\/index.php\/supervision-coaching-beratung\/\" class=\"more-link\"><span class=\"screen-reader-text\">\u201eSupervision &#8211; Coaching &#8211; Beratung\u201c<\/span> weiterlesen<\/a><\/p>\n","protected":false},"author":3,"featured_media":0,"parent":0,"menu_order":0,"comment_status":"closed","ping_status":"closed","template":"","meta":{"footnotes":""},"class_list":["post-260","page","type-page","status-publish","hentry"],"_links":{"self":[{"href":"https:\/\/supervision-mascha.at\/index.php\/wp-json\/wp\/v2\/pages\/260","targetHints":{"allow":["GET"]}}],"collection":[{"href":"https:\/\/supervision-mascha.at\/index.php\/wp-json\/wp\/v2\/pages"}],"about":[{"href":"https:\/\/supervision-mascha.at\/index.php\/wp-json\/wp\/v2\/types\/page"}],"author":[{"embeddable":true,"href":"https:\/\/supervision-mascha.at\/index.php\/wp-json\/wp\/v2\/users\/3"}],"replies":[{"embeddable":true,"href":"https:\/\/supervision-mascha.at\/index.php\/wp-json\/wp\/v2\/comments?post=260"}],"version-history":[{"count":32,"href":"https:\/\/supervision-mascha.at\/index.php\/wp-json\/wp\/v2\/pages\/260\/revisions"}],"predecessor-version":[{"id":417,"href":"https:\/\/supervision-mascha.at\/index.php\/wp-json\/wp\/v2\/pages\/260\/revisions\/417"}],"wp:attachment":[{"href":"https:\/\/supervision-mascha.at\/index.php\/wp-json\/wp\/v2\/media?parent=260"}],"curies":[{"name":"wp","href":"https:\/\/api.w.org\/{rel}","templated":true}]}}